 common divisor of 1514836 and 289?
17
What is the greatest common factor of 1121859 and 48?
3
What is the highest common factor of 486 and 6520581?
81
Calculate the greatest common factor of 5354 and 179281367.
2677
What is the greatest common divisor of 217335 and 2745?
15
Calculate the greatest common divisor of 3315 and 1580280.
195
Calculate the highest common factor of 18050557 and 112.
7
Calculate the highest common divisor of 15568680 and 12330.
4110
Calculate the highest common divisor of 47420 and 17650.
10
Calculate the greatest common factor of 105 and 550537750.
35
Calculate the greatest common divisor of 3 and 15782361.
3
Calculate the highest common divisor of 864 and 256320.
288
Calculate the greatest common factor of 345 and 780428157.
69
What is the highest common factor of 40576 and 548?
4
What is the greatest common factor of 1340362 and 3070?
614
Calculate the highest common divisor of 14 and 31319197.
7
Calculate the highest common factor of 33982899 and 7731.
2577
Calculate the greatest common divisor of 74650865 and 50450.
5045
What is the highest common divisor of 11572 and 17466619?
263
What is the highest common factor of 1154 and 683940026?
1154
Calculate the greatest common divisor of 5555980 and 4256.
76
What is the greatest common factor of 4448 and 198928?
16
What is the greatest common factor of 30384360 and 560?
40
Calculate the greatest common divisor of 26 and 635201190.
26
What is the highest common factor of 347 and 461285491?
347
Calculate the highest common factor of 37281 and 597363.
867
What is the highest common divisor of 23213 and 3192539?
167
What is the highest common factor of 3339593 and 4328?
541
Calculate the highest common factor of 2126566 and 20826.
2314
What is the greatest common divisor of 258325900 and 175?
175
What is the highest common divisor of 69240 and 140211?
1731
What is the highest common factor of 85 and 2729990?
5
Calculate the highest common factor of 2548 and 5951491.
637
Calculate the highest common factor of 4850 and 3907936.
194
What is the greatest common divisor of 1243519956 and 1644?
1644
What is the highest common divisor of 3848 and 714207?
13
Calculate the highest common divisor of 2584 and 2786776.
136
What is the greatest common divisor of 24570 and 244363770?
1890
What is the greatest common factor of 344576 and 1219072?
512
Calculate the highest common divisor of 33850335 and 630.
15
Calculate the highest common factor of 16 and 3046235680.
16
What is the highest common divisor of 1710 and 304830?
90
Calculate the highest common factor of 14206494 and 2232.
186
Calculate the greatest common factor of 66094885 and 5.
5
What is the greatest common factor of 7752 and 99636?
228
Calculate the highest common factor of 936832 and 567424.
1664
Calculate the greatest common divisor of 256589473 and 1043.
1043
Calculate the highest common divisor of 75587214 and 3.
3
Calculate the highest common divisor of 165965 and 1007.
19
What is the highest common divisor of 324896 and 10439?
143
What is the greatest common divisor of 59122 and 5822?
82
Calculate the greatest common divisor of 95732360 and 520.
40
What is the highest common divisor of 129587030 and 380?
190
Calculate the greatest common factor of 457093 and 26481.
91
What is the highest common divisor of 18626 and 934918?
134
Calculate the highest common divisor of 1065620 and 940.
20
Calculate the greatest common divisor of 25944 and 13595737.
1081
Calculate the greatest common divisor of 14 and 47939178.
14
What is the highest common factor of 16094339 and 905?
181
What is the greatest common divisor of 1005 and 1320060?
15
Calculate the highest common factor of 2319612 and 12.
12
Calculate the highest common factor of 503410 and 40.
10
What is the highest common factor of 5902 and 31799749?
227
Calculate the highest common divisor of 7371 and 177163.
7
Calculate the greatest common divisor of 185 and 45075.
5
Calculate the highest common factor of 136958 and 4982.
94
What is the highest common factor of 329 and 548317?
7
Calculate the greatest common divisor of 657206 and 8448.
22
What is the highest common factor of 55891 and 1408?
11
Calculate the highest common divisor of 6114276 and 11277.
63
Calculate the highest common factor of 492 and 13442752.
164
Calculate the highest common divisor of 51977973 and 7818.
3909
What is the highest common divisor of 9 and 34410771?
9
What is the greatest common factor of 709800 and 20748?
1092
What is the highest common divisor of 210 and 10345830?
30
Calculate the highest common factor of 166437 and 261.
9
What is the highest common factor of 53410 and 41160?
490
Calculate the greatest common factor of 43 and 11160564.
43
Calculate the highest common factor of 463690 and 22962.
178
What is the highest common factor of 1162 and 17213?
7
Calculate the greatest common divisor of 4426 and 265053223.
2213
What is the highest common factor of 2156360 and 31080?
1480
Calculate the highest common divisor of 4967725 and 1575.
175
What is the greatest common divisor of 3028 and 111708976?
3028
What is the highest common factor of 45 and 58498395?
15
What is the greatest common factor of 227088 and 21261?
57
Calculate the greatest common divisor of 9604393 and 101.
101
Calculate the greatest common factor of 13 and 1899716.
13
What is the highest common divisor of 132 and 28885296?
132
Calculate the greatest common divisor of 39935824 and 3424.
1712
What is the greatest common divisor of 171 and 94984686?
171
Calculate the highest common factor of 104896 and 18176.
64
Calculate the highest common divisor of 94130432 and 32384.
1408
Calculate the highest common factor of 234 and 24897114.
18
Calculate the highest common divisor of 6 and 12950358.
6
What is the highest common factor of 13930 and 735210?
70
What is the highest common factor of 16989 and 1234534?
5663
Calculate the highest common divisor of 18 and 2511279.
9
What is the highest common divisor of 384319 and 1394419?
481
What is the highest common factor of 444 and 4077798?
6
What is the highest common factor of 14726 and 2245826?
74
What is the greatest common factor of 15 and 3912965?
5
Calculate the greatest common divisor of 117003197 and 357.
17
What is the highest common factor of 44230149 and 4653?
423
What is the greatest common factor of 1757928 and 801?
267
What is the greatest common factor of 228410 and 3614?
26
Calculate the highest common factor of 4218080 and 5125.
205
What is the greatest common divisor of 1530067860 and 8355?
8355
What is the greatest common factor of 1160 and 1986880?
40
Calculate the highest common divisor of 31815 and 453285.
315
What is the highest common factor of 46045545 and 27729?
3081
Calculate the greatest common factor of 89240202 and 6.
6
Calculate the highest common factor of 1668 and 1161067.
139
What is the highest common factor of 1365336 and 9062766?
6966
Calculate the greatest common factor of 20450409 and 409.
409
Calculate the greatest common factor of 10143 and 59190201.
1449
What is the greatest common divisor of 281487 and 298209?
2787
Calculate the greatest common divisor of 122208 and 125296.
16
Calculate the highest common divisor of 1187 and 1044423495.
1187
Calculate the highest common factor of 160848 and 6192.
144
Calculate the highest common factor of 22757 and 2337469.
3251
What is the greatest common divisor of 240 and 42321040?
80
What is the highest common factor of 25920 and 14176080?
2160
What is the highest common divisor of 4050561 and 9?
3
What is the highest common factor of 15397230 and 3186?
354
Calculate the greatest common divisor of 145754 and 432796.
406
What is the greatest common factor of 5351976 and 5040?
504
What is the highest common divisor of 32009232 and 17340?
204
What is the greatest common factor of 20460 and 127290?
30
What is the greatest common divisor of 191360 and 877565?
1495
What is the highest common factor of 2188 and 22588?
4
What is the highest common factor of 439507427 and 7951?
7951
What is the highest common divisor of 286 and 1676974?
26
What is the greatest common factor of 72866145 and 2805?
165
Calculate the greatest common factor of 700935 and 3473550.
1245
What is the greatest common divisor of 48 and 1